 6?
32
Convert 14 (base 15) to base 4.
103
What is 20 (base 7) in base 6?
22
3 (base 6) to base 12
3
1321 (base 4) to base 14
89
2 (base 3) to base 15
2
1034 (base 5) to base 16
90
-13 (base 7) to base 14
-a
Convert 177 (base 16) to base 7.
1044
-2 (base 15) to base 12
-2
34 (base 12) to base 14
2c
Convert 1 (base 2) to base 6.
1
What is -1 (base 11) in base 8?
-1
What is -2 (base 6) in base 16?
-2
What is 25 (base 6) in base 7?
23
What is 8c (base 15) in base 5?
1012
Convert -4 (base 9) to base 16.
-4
What is -1 (base 10) in base 11?
-1
65 (base 11) to base 15
4b
Convert -5b (base 14) to base 11.
-74
Convert -111 (base 7) to base 2.
-111001
13 (base 12) to base 8
17
Convert a6 (base 14) to base 5.
1041
What is 17 (base 10) in base 16?
11
-5 (base 9) to base 16
-5
What is 3 (base 16) in base 12?
3
Convert c7 (base 16) to base 15.
d4
Convert -112 (base 4) to base 3.
-211
-20 (base 6) to base 11
-11
Convert -10 (base 3) to base 16.
-3
Convert 101 (base 2) to base 10.
5
13d (base 16) to base 6
1245
-1000 (base 2) to base 8
-10
9 (base 15) to base 6
13
-15 (base 12) to base 10
-17
265 (base 10) to base 7
526
What is 2303 (base 4) in base 8?
263
Convert 42 (base 9) to base 8.
46
What is -1 (base 14) in base 11?
-1
Convert -21 (base 7) to base 14.
-11
What is -c (base 16) in base 5?
-22
-1a6 (base 12) to base 16
-10e
What is 59 (base 15) in base 13?
66
Convert -1 (base 3) to base 8.
-1
-36 (base 8) to base 6
-50
What is -12 (base 15) in base 4?
-101
What is -4 (base 14) in base 4?
-10
334 (base 7) to base 14
c4
What is -2 (base 6) in base 13?
-2
Convert -2 (base 16) to base 13.
-2
-57 (base 8) to base 16
-2f
114 (base 6) to base 3
1201
-15 (base 9) to base 11
-13
What is -8 (base 9) in base 12?
-8
What is -97 (base 15) in base 7?
-262
What is 2 (base 14) in base 9?
2
Convert -4a (base 12) to base 16.
-3a
What is -65 (base 7) in base 16?
-2f
What is 4 (base 12) in base 13?
4
-2 (base 11) to base 4
-2
What is -120 (base 3) in base 5?
-30
Convert 0 (base 2) to base 8.
0
-6 (base 12) to base 3
-20
2 (base 15) to base 12
2
Convert -d (base 16) to base 2.
-1101
Convert -3 (base 11) to base 2.
-11
-22 (base 9) to base 4
-110
What is 0 (base 14) in base 16?
0
What is -1 (base 5) in base 8?
-1
Convert 111000 (base 2) to base 5.
211
What is 7 (base 16) in base 5?
12
Convert 1 (base 15) to base 8.
1
e (base 15) to base 10
14
What is 10011101 (base 2) in base 12?
111
Convert 3 (base 8) to base 11.
3
Convert -134 (base 5) to base 4.
-230
Convert 1112 (base 4) to base 12.
72
What is -4 (base 10) in base 13?
-4
What is 11011 (base 2) in base 6?
43
Convert -20 (base 6) to base 15.
-c
What is -75 (base 13) in base 12?
-80
-14 (base 8) to base 2
-1100
-33 (base 7) to base 4
-120
-2 (base 14) to base 9
-2
-1c (base 13) to base 11
-23
b2 (base 14) to base 11
132
What is -3 (base 16) in base 14?
-3
-165 (base 15) to base 2
-101000000
-21 (base 3) to base 13
-7
Convert 31 (base 6) to base 2.
10011
1022 (base 5) to base 8
211
What is 30 (base 5) in base 12?
13
What is -1 (base 9) in base 12?
-1
3 (base 7) to base 8
3
Convert 3 (base 12) to base 6.
3
What is -60 (base 8) in base 5?
-143
What is 102 (base 7) in base 13?
3c
Convert -3 (base 15) to base 16.
-3
Convert -1111 (base 2) to base 16.
-f
Convert 12122 (base 3) to base 4.
2120
Convert 5 (base 15) to base 13.
5
Convert -8 (base 11) to base 3.
-22
What is -aa (base 12) in base 14?
-94
Convert 1 (base 12) to base 5.
1
-2 (base 12) to base 13
-2
Convert -35 (base 12) to base 5.
-131
-15 (base 9) to base 10
-14
What is 255 (base 8) in base 13?
104
What is 64 (base 15) in base 8?
136
-3 (base 11) to base 8
-3
Convert 2 (base 5) to base 4.
2
Convert -35 (base 6) to base 8.
-27
-46 (base 10) to base 13
-37
What is 9 (base 16) in base 2?
1001
What is 1 (base 7) in base 2?
1
What is 0 (base 11) in base 2?
0
3e (base 16) to base 14
46
Convert -1 (base 15) to base 9.
-1
Convert -3 (base 9) to base 10.
-3
What is -123 (base 7) in base 13?
-51
-3 (base 6) to base 3
-10
Convert -1 (base 2) to base 7.
-1
2 (base 6) to base 15
2
What is -26 (base 16) in base 11?
-35
-29a (base 11) to base 9
-430
What is 12 (base 3) in base 14?
5
Convert -1 (base 8) to base 15.
-1
6 (base 10) to base 16
6
What is 10 (base 3) in base 5?
3
-110111 (base 2) to base 11
-50
20 (base 14) to base 11
26
1c8 (base 15) to base 9
508
Convert 5 (base 8) to base 16.
5
-41 (base 8) to base 7
-45
-410 (base 5) to base 3
-10220
What is -240 (base 5) in base 16?
-46
Convert 12 (base 10) to base 2.
1100
Convert 3 (base 11) to base 4.
3
33 (base 5) to base 13
15
Convert 14 (base 11) to base 12.
13
Convert -7 (base 10) to base 6.
-11
What is 2 (base 3) in base 9?
2
Convert -20 (base 5) to base 15.
-a
Convert -6 (base 11) to base 15.
-6
-31 (base 7) to base 8
-26
-3 (base 16) to base 8
-3
465 (base 9) to base 3
112012
What is -c (base 15) in base 5?
-22
What is 5 (base 8) in base 7?
5
What is 61 (base 12) in base 6?
201
Convert df (base 16) to base 5.
1343
What is 241 (base 5) in base 15?
4b
3 (base 11) to base 12
3
What is 2 (base 14) in base 15?
2
11011 (base 2) to base 12
23
129 (base 12) to base 3
20120
What is 387 (base 9) in base 2?
101000010
Convert 0 (base 11) to base 16.
0
Convert -20 (base 3) to base 10.
-6
What is -3 (base 12) in base 7?
-3
Convert 2 (base 15) to base 10.
2
What is -30 (base 11) in base 13?
-27
Convert 8 (base 13) to base 16.
8
Convert -5 (base 9) to base 12.
-5
What is -8 (base 10) in base 15?
-8
Convert 0 (base 11) to base 9.
0
Convert -15 (base 9) to base 3.
-112
-43 (base 9) to base 11
-36
What is 17 (base 8) in base 13?
12
What is 4 (base 12) in base 5?
4
10 (base 4) to base 2
100
Convert -31 (base 9) to base 4.
-130
What is 1 (base 6) in base 10?
1
Convert -13 (base 6) to base 16.
-9
Convert -101 (base 4) to base 5.
-32
What is -1 (base 8) in base 9?
-1
Convert 6 (base 10) to base 14.
6
Convert -15 (base 15) to base 5.
-40
What is -1000 (base 2) in base 13?
-8
What is 11 (base 7) in base 11?
8
What is 101 (base 3) in base 11?
a
What is -3 (base 12) in base 4?
-3
-48 (base 13) to base 14
-44
What is -12 (base 4) in base 7?
-6
Convert -2222 (base 3) to base 9.
-88
What is 289 (base 10) in base 16?
121
What is -31 (base 9) in base 3?
-1001
What is 2 (base 7) in base 10?
2
Convert 2 (base 7) to base 8.
2
-533 (base 6) to base 10
-201
What is -5 (base 16) in base 12?
-5
23 (base 7) to base 15
12
What is 1211 (base 3) in base 6?
121
-6 (base 15) to base 7
-6
What is -7 (base 8) in base 16?
-7
Convert 59 (base 12) to base 5.
234
-1 (base 8) to base 6
-1
What is -103 (base 4) in base 12?
-17
Convert 102 (base 3) to base 16.
b
-1 (base 15) to base 12
-1
-12 (base 14) to base 7
-22
What is 101 (base 2) in base 4?
11
Convert -1001 (base 3) to base 4.
-130
0 (base 4) to base 15
0
What is -25 (base 9) in base 13?
-1a
Convert 2 (base 9) to base 15.
2
What is 1 (base 15) in base 16?
1
1010 (base 3) to base 11
28
11 (base 8) to base 14
9
6 (base 9) to base 12
6
Convert -441 (base 6) to base 4.
-2221
-22 (base 7) to base 8
-20
Convert 4 (base 10) to base 11.
4
What is -1033 (base 4) in base 16?
-4f
-2121 (base 3) to base 5
-240
3 (base 13) to base 11
3
Convert 27 (base 16) to base 12.
33
Convert 22 (base 12) to base 4.
122
Convert 2 (base 13) to base 3.
2
-242 (base 6) to base 14
-70
-12010 (base 3) to base 4
-2022
Convert 1 (base 7) to base 14.
1
-1 (base 8) to base 15
-1
Convert -1 (base 12) to base 6.
-1
Convert 0 (base 10) to base 11.
0
Convert 20 (base 11) to base 7.
31
What is 1 (base 10) in base 4?
1
a (base 12) to base 5
20
Convert 136 (base 8) to base 16.
5e
3 (base 10) to base 15
3
What is -c (base 14) in base 5?
-22
Convert 3a (base 16) to base 5.
213
Convert -1111 (base 3) to base 8.
-50
Convert 68 (base 14) to base 11.
84
-1 (base 6) to base 7
-1
Convert 111 (base 2) to base 12.
7
What is 10 (base 9) in base 5?
14
Convert c (base 15) to base 14.
c
-4 (base 6) to base 13
-4
What is 1c (base 15) in base 5?
102
What is -44 (base 6) in base 5?
-103
6 (base 7) to base 2
110
Convert -189 (base 12) to base 10.
-249
What is 2 (base 9) in base 13?
2
11 (base 4) to base 10
5
What is 236 (base 7) in base 15?
85
What is -311 (base 6) in base 10?
-115
What is -12 (base 9) in base 12?
-b
What is 3 (base 12) in base 4?
3
-17 (base 11) to base 2
-10010
